{"id":1809,"date":"2024-01-31T12:33:48","date_gmt":"2024-01-31T12:33:48","guid":{"rendered":"https:\/\/lauraalvarez.eu\/newweb\/?page_id=1809"},"modified":"2024-07-01T17:04:12","modified_gmt":"2024-07-01T17:04:12","slug":"about-us-2","status":"publish","type":"page","link":"https:\/\/lauraalvarez.eu\/index.php\/about-us-2\/","title":{"rendered":"Sobre nosotros"},"content":{"rendered":"<section class=\"wpb-content-wrapper\"><p>[vc_row][vc_column][vc_empty_space][kraft_heading heading=&#8221;&#8220;En LAA, fusionamos la arquitectura con valores arraigados en el respeto al entorno, creando espacios que honran su historia, priorizan la calidad sobre la cantidad y fomentan un modo de vida consciente y respetuoso con el contexto que nos rodea.&#8220;&#8221; font_size=&#8221;font-size-custom&#8221; font_weight=&#8221;400&#8243; responsive_font_size=&#8221;.heading-custom_1569851142540 .font-size-custom{desktop:44px;tablet:0px;tablet_portrait:0px;mobile_landscape:34px;mobile:34px;property:font-size}&#8221; responsive_line_height=&#8221;.heading-custom_1580647485095 .heading{desktop:59px;tablet:0px;tablet_portrait:0px;mobile_landscape:48px;mobile:48px;property:line-height}&#8221; sub_heading=&#8221;&#8220;At LAA, we merge architecture with values rooted in the respect for the environment, creating spaces that honor their history, prioritize quality over quantity, and promote a conscious way of life respecting the surrounding context.&#8220;&#8221;][vc_empty_space height=&#8221;25px&#8221;][\/vc_column][\/vc_row][vc_row][vc_column][\/vc_column][\/vc_row][vc_row][vc_column][kraft_heading heading=&#8221;Valores | Values&#8221; element_tag=&#8221;h2&#8243; font_size=&#8221;font-size-custom&#8221; font_weight=&#8221;400&#8243; line_height=&#8221;1&#8243; responsive_font_size=&#8221;.heading-custom_1569852131725 .font-size-custom{desktop:38px;tablet:0px;tablet_portrait:0px;mobile_landscape:34px;mobile:34px;property:font-size}&#8221; responsive_line_height=&#8221;.heading-custom_1569852137813 .heading{desktop:48px;tablet:0px;tablet_portrait:0px;mobile_landscape:44px;mobile:44px;property:line-height}&#8221;][vc_column_text font_weight=&#8221;400&#8243; line_height=&#8221;36px&#8221; responsive_line_height=&#8221;.wpb_text_column_1580647517648 .wpb_wrapper{desktop:33px;tablet:0px;tablet_portrait:0px;mobile_landscape:0px;mobile:0px;property:line-height}&#8221;]Con el firme compromiso de hacer de la arquitectura una expresi\u00f3n de respeto, conexi\u00f3n y sostenibilidad, Laura Alvarez Architecture (LAA) se presenta como un referente en el campo de la arquitectura contempor\u00e1nea. En nuestra firma, reconocemos el poder transformador de la arquitectura y nos esforzamos por aplicarlo de manera responsable, tanto en t\u00e9rminos sociales como medioambientales.<\/p>\n<p>Nuestra filosof\u00eda se fundamenta en valores arraigados en el respeto por el contexto y la historia. Cada proyecto que emprendemos es una oportunidad para honrar la esencia del lugar y su pasado, creando espacios que no solo satisfagan las necesidades presentes, sino que tambi\u00e9n se integren armoniosamente con su entorno.<\/p>\n<p>Nos hemos especializado en el dise\u00f1o y construcci\u00f3n de casas con est\u00e1ndares pasivos y certificaci\u00f3n Passivhaus desde que trasladamos el estudio de arquitectura a Cantabria. Esta especializaci\u00f3n nos ha llevado a que Laura Alvarez se est\u00e9 certificando como Passivhaus Designer, lo que nos permite ofrecer soluciones arquitect\u00f3nicas que destacan por su eficiencia energ\u00e9tica y su m\u00ednimo impacto ambiental. En LAA, nos enorgullece no solo dise\u00f1ar viviendas que cumplen con rigurosos est\u00e1ndares de sostenibilidad, sino tambi\u00e9n crear hogares que promueven el confort, la salud y el bienestar de sus habitantes.<\/p>\n<p>Nos esforzamos por encontrar soluciones innovadoras que minimicen nuestra huella ecol\u00f3gica y promuevan un estilo de vida m\u00e1s sostenible.<\/p>\n<p>En LAA, nuestra dedicaci\u00f3n va m\u00e1s all\u00e1 del dise\u00f1o de edificios; creamos espacios de conexi\u00f3n, bienestar y belleza. Nos comprometemos a trabajar en estrecha colaboraci\u00f3n con nuestros clientes para dar vida a sus sue\u00f1os, aportando nuestra experiencia y pasi\u00f3n por la arquitectura en cada proyecto.<\/p>\n<p>[\/vc_column_text][vc_empty_space height=&#8221;14px&#8221;][vc_separator][vc_column_text font_weight=&#8221;400italic&#8221; responsive_line_height=&#8221;.wpb_text_column_1452773625 .wpb_wrapper{desktop:px;tablet:px;tablet_portrait:px;mobile_landscape:px;mobile:px;property:line-height}&#8221;]<em>With a firm commitment to making architecture an expression of respect, connection, and sustainability, Laura Alvarez Architecture (LAA) presents itself as a benchmark in the field of contemporary architecture. In our firm, we recognize the transformative power of architecture and strive to apply it responsibly, both socially and environmentally.<\/em><\/p>\n<p><em>Our philosophy is grounded in values rooted in respect for context and history. Every project we undertake is an opportunity to honor the essence of the place and its past, creating spaces that not only meet present needs but also harmoniously integrate with their surroundings.<\/em><\/p>\n<p><em>We specialize in the design and construction of homes with passive standards and Passivhaus certification since relocating the architecture studio to Cantabria. This specialization has led Laura Alvarez to become certified as a Passivhaus Designer, enabling us to offer architectural solutions known for their energy efficiency and minimal environmental impact. At LAA, we take pride not only in designing homes that meet rigorous sustainability standards but also in creating residences that promote comfort, health, and well-being for their occupants.<\/em><\/p>\n<p><em>We strive to find innovative solutions that minimize our ecological footprint and promote a more sustainable lifestyle.<\/em><\/p>\n<p><em>At LAA, our dedication goes beyond building design; we create spaces of connection, well-being, and beauty. We are committed to working closely with our clients to bring their dreams to life, leveraging our experience and passion for architecture in every project.<\/em>[\/vc_column_text][vc_images_carousel images=&#8221;1997,1996&#8243; onclick=&#8221;link_no&#8221; speed=&#8221;2000&#8243; autoplay=&#8221;yes&#8221; hide_pagination_control=&#8221;yes&#8221; hide_prev_next_buttons=&#8221;yes&#8221; wrap=&#8221;yes&#8221; css_animation=&#8221;fadeIn&#8221;][\/vc_column][\/vc_row][vc_row][vc_column][kraft_heading heading=&#8221;Perfil | Profile&#8221; element_tag=&#8221;h2&#8243; font_size=&#8221;font-size-custom&#8221; font_weight=&#8221;400&#8243; responsive_font_size=&#8221;.heading-custom_1569852151828 .font-size-custom{desktop:38px;tablet:0px;tablet_portrait:0px;mobile_landscape:34px;mobile:34px;property:font-size}&#8221; responsive_line_height=&#8221;.heading-custom_1569852178041 .heading{desktop:48px;tablet:0px;tablet_portrait:0px;mobile_landscape:44px;mobile:44px;property:line-height}&#8221;][vc_empty_space height=&#8221;20px&#8221;][vc_column_text font_weight=&#8221;400&#8243; responsive_line_height=&#8221;.wpb_text_column_1713970831739 .wpb_wrapper{desktop:33px;tablet:0px;tablet_portrait:0px;mobile_landscape:0px;mobile:0px;property:line-height}&#8221;]Laura Alvarez fund\u00f3 Laura Alvarez Architecture (LAA) en el a\u00f1o 2008 en Amsterdam tras colaborar en grandes firmas de arquitectura como Mecanoo, SeARCH, Benthem Crouwel y Carlos Ferrater. En 2021, LAA se traslad\u00f3 a las monta\u00f1as c\u00e1ntabras para seguir su andadura.<\/p>\n<p>Durante estos a\u00f1os, el trabajo de LAA ha sido reconocido con diversos premios y galardones. Entre ellos se destacan el Primer Premio para la Rehabilitaci\u00f3n y Ampliaci\u00f3n del Mercado Municipal de Santo Tirso, el Europe 40 under 40 Award, que honra a los 40 arquitectos m\u00e1s destacados de Europa, el Primer Premio para la Rehabilitaci\u00f3n y Reconstrucci\u00f3n de la Escuela de Arquitectura de Delft (NL), y el Primer Premio para Viviendas Multigeneracionales en Groningen (NL).<\/p>\n<p>En la actualidad, LAA ejerce en M\u00e9xico, Estados Unidos, Francia y Espa\u00f1a, dise\u00f1ando y construyendo proyectos muy variados, desde grandes villas en San Diego, edificios multifuncionales en M\u00e9xico o viviendas unifamiliares en Cantabria.[\/vc_column_text][vc_separator][vc_column_text font_weight=&#8221;400italic&#8221; responsive_line_height=&#8221;.wpb_text_column_195084908 .wpb_wrapper{desktop:px;tablet:px;tablet_portrait:px;mobile_landscape:px;mobile:px;property:line-height}&#8221;]<em>Laura Alvarez founded Laura Alvarez Architecture (LAA) in 2008 in Amsterdam after collaborating with renown\u00a0architecture firms such as Mecanoo, SeARCH, Benthem Crouwel, and Carlos Ferrater. In 2021, LAA relocated to the Cantabrian mountains to continue its journey.<\/em><\/p>\n<p><em>Throughout these years, LAA&#8217;s work has been recognized with various awards. These include the First Prize for the Renovation and Extension of the Municipal Market of Santo Tirso, the Europe 40 under 40 Award, which honors the 40 most outstanding architects in Europe, the First Prize for the Renovation and extension of the Faculty of Architecture in Delft (NL), and the First Prize for Multigenerational Housing in Groningen (NL).<\/em><\/p>\n<p><em>Currently, LAA operates in Mexico, US, France, and Spain, designing and constructing a wide range of projects, from large villas in San Diego to multifunctional buildings in Mexico and single-family homes in Cantabria.<\/em>[\/vc_column_text][\/vc_column][\/vc_row][vc_row][vc_column][kraft_heading heading=&#8221;Colaboradores desde 2009 | Staff since 2009&#8243; element_tag=&#8221;h2&#8243; font_size=&#8221;font-size-custom&#8221; font_weight=&#8221;400&#8243; responsive_font_size=&#8221;.heading-custom_1569852151828 .font-size-custom{desktop:38px;tablet:0px;tablet_portrait:0px;mobile_landscape:34px;mobile:34px;property:font-size}&#8221; responsive_line_height=&#8221;.heading-custom_1569852178041 .heading{desktop:48px;tablet:0px;tablet_portrait:0px;mobile_landscape:44px;mobile:44px;property:line-height}&#8221;][vc_empty_space height=&#8221;20px&#8221;][vc_column_text font_weight=&#8221;400&#8243; responsive_line_height=&#8221;.wpb_text_column_1713970884730 .wpb_wrapper{desktop:33px;tablet:0px;tablet_portrait:0px;mobile_landscape:0px;mobile:0px;property:line-height}&#8221;]Bart van der Zalm, Msc student\u00a0Bouwkunde\u00a0TU Delft, NL<br \/>\nLuuc Sonke, freelance architect<br \/>\nMatteo Silverii, trainee, Accademia di Architettura di Mendrisio, CH<br \/>\nLeire Mu\u00f1oz Lampreabe, Msc student, ETS Arquitectura Navarra, ES<br \/>\nArun Jansen, projectarchitect<br \/>\nMaarten Kop, projectarchitect<br \/>\nEsmeralda Bierma, architect, Msc student Bouwkunde TU Delft, NL<br \/>\nMar Mu\u00f1oz Aparici, architect<br \/>\nSanne de Lange, office manager<br \/>\nAleksandra Shopova, Bachelor student, Architecture and Urban Planning, University of Stuttgart, DE<br \/>\nPieter Krog, architect, Msc student Fontys Tilburg, NL<br \/>\nChinouk Jongerius, Msc student Bouwkunde TU Delft, NL<br \/>\nLeire \u00c1lvarez Marcos, architect<br \/>\nMarjolijn Vrolijk, architect, Msc student Academie van Bouwkunst Rotterdam, NL<br \/>\nElise Nguyen, Msc student RWTH Aachen, DE<br \/>\nOihane Garc\u00eda Meneses, architect<br \/>\nJoanna Greve, graphic designer<br \/>\nPaz Gonz\u00e1lez, architect<br \/>\nMaitane Enara, architect<br \/>\nBruno Kerbell, Msc student IUAV Venice, IT<\/p>\n<p>Melisa Castro, administration<br \/>\nLaura \u00c1lvarez, architect-director[\/vc_column_text][\/vc_column][\/vc_row][vc_row][vc_column][vc_empty_space height=&#8221;70px&#8221;][vc_separator color=&#8221;custom&#8221; accent_color=&#8221;#e9e9e9&#8243;][vc_empty_space height=&#8221;50px&#8221;][kraft_heading heading=&#8221;&#8221; element_tag=&#8221;h2&#8243; font_size=&#8221;font-size-custom&#8221; font_weight=&#8221;400&#8243; responsive_font_size=&#8221;.heading-custom_1569852197932 .font-size-custom{desktop:38px;tablet:0px;tablet_portrait:0px;mobile_landscape:34px;mobile:34px;property:font-size}&#8221; responsive_line_height=&#8221;.heading-custom_1569852208309 .heading{desktop:48px;tablet:0px;tablet_portrait:0px;mobile_landscape:44px;mobile:44px;property:line-height}&#8221;][vc_empty_space height=&#8221;25px&#8221;][\/vc_column][\/vc_row][vc_row][vc_column][vc_empty_space height=&#8221;40px&#8221;][kraft_cta cta_style=&#8221;style-3&#8243; text_font_weight=&#8221;400&#8243; cta_text=&#8221;\u00bfTrabajamos juntos? | Let&#8217;s work together!&#8221; link=&#8221;url:https%3A%2F%2Flauraalvarez.eu%2Findex.php%2Fcontact%2F|title:CONT%C3%81CTANOS%20%7C%20CONTACT%20US|target:_blank&#8221; text_font_size=&#8221;.cta_879144706 h2{desktop:42px;tablet:px;tablet_portrait:px;mobile_landscape:px;mobile:px;property:font-size}&#8221; text_line_height=&#8221;.cta_1324607481 h2{desktop:52px;tablet:px;tablet_portrait:px;mobile_landscape:px;mobile:px;property:line-height}&#8221;][vc_empty_space height=&#8221;100px&#8221;][\/vc_column][\/vc_row]<\/p>\n<\/section>","protected":false},"excerpt":{"rendered":"<p>[vc_row][vc_column][vc_empty_space][kraft_heading heading=&#8221;&#8220;En LAA, fusionamos la arquitectura con valores arraigados en el respeto al entorno, creando espacios que honran su historia, priorizan la calidad sobre la cantidad y fomentan un modo de vida consciente y respetuoso con el contexto que nos rodea.&#8220;&#8221; font_size=&#8221;font-size-custom&#8221; font_weight=&#8221;400&#8243; responsive_font_size=&#8221;.heading-custom_1569851142540 .font-size-custom{desktop:44px;tablet:0px;tablet_portrait:0px;mobile_landscape:34px;mobile:34px;property:font-size}&#8221; responsive_line_height=&#8221;.heading-custom_1580647485095 .heading{desktop:59px;tablet:0px;tablet_portrait:0px;mobile_landscape:48px;mobile:48px;property:line-height}&#8221; sub_heading=&#8221;&#8220;At LAA, we merge architecture with values rooted [&hellip;]<\/p>\n","protected":false},"author":1,"featured_media":0,"parent":0,"menu_order":0,"comment_status":"closed","ping_status":"closed","template":"","meta":{"footnotes":""},"class_list":["post-1809","page","type-page","status-publish","hentry"],"_links":{"self":[{"href":"https:\/\/lauraalvarez.eu\/index.php\/wp-json\/wp\/v2\/pages\/1809","targetHints":{"allow":["GET"]}}],"collection":[{"href":"https:\/\/lauraalvarez.eu\/index.php\/wp-json\/wp\/v2\/pages"}],"about":[{"href":"https:\/\/lauraalvarez.eu\/index.php\/wp-json\/wp\/v2\/types\/page"}],"author":[{"embeddable":true,"href":"https:\/\/lauraalvarez.eu\/index.php\/wp-json\/wp\/v2\/users\/1"}],"replies":[{"embeddable":true,"href":"https:\/\/lauraalvarez.eu\/index.php\/wp-json\/wp\/v2\/comments?post=1809"}],"version-history":[{"count":44,"href":"https:\/\/lauraalvarez.eu\/index.php\/wp-json\/wp\/v2\/pages\/1809\/revisions"}],"predecessor-version":[{"id":2008,"href":"https:\/\/lauraalvarez.eu\/index.php\/wp-json\/wp\/v2\/pages\/1809\/revisions\/2008"}],"wp:attachment":[{"href":"https:\/\/lauraalvarez.eu\/index.php\/wp-json\/wp\/v2\/media?parent=1809"}],"curies":[{"name":"wp","href":"https:\/\/api.w.org\/{rel}","templated":true}]}}